{"id":38,"date":"2026-02-18T10:26:24","date_gmt":"2026-02-18T10:26:24","guid":{"rendered":"https:\/\/scenarimagazine.eu\/?page_id=38"},"modified":"2026-02-21T16:56:02","modified_gmt":"2026-02-21T16:56:02","slug":"nuccia","status":"publish","type":"page","link":"https:\/\/scenarimagazine.eu\/?page_id=38","title":{"rendered":"Benvenuti sulla mia pagina"},"content":{"rendered":"\t\t<div data-elementor-type=\"wp-page\" data-elementor-id=\"38\" class=\"elementor elementor-38\" data-elementor-post-type=\"page\">\n\t\t\t\t<div class=\"elementor-element elementor-element-e7824a3 e-flex e-con-boxed e-con e-parent\" data-id=\"e7824a3\" data-element_type=\"container\" data-e-type=\"container\">\n\t\t\t\t\t<div class=\"e-con-inner\">\n\t\t\t\t<div class=\"elementor-element elementor-element-4fd8515 elementor-widget elementor-widget-heading\" data-id=\"4fd8515\" data-element_type=\"widget\" data-e-type=\"widget\" data-widget_type=\"heading.default\">\n\t\t\t\t\t<h2 class=\"elementor-heading-title elementor-size-default\">Dwelling of Silence<\/h2>\t\t\t\t<\/div>\n\t\t\t\t\t<\/div>\n\t\t\t\t<\/div>\n\t\t<div class=\"elementor-element elementor-element-8c9d8d1 e-flex e-con-boxed e-con e-parent\" data-id=\"8c9d8d1\" data-element_type=\"container\" data-e-type=\"container\">\n\t\t\t\t\t<div class=\"e-con-inner\">\n\t\t<div class=\"elementor-element elementor-element-8dc44d2 e-con-full e-flex e-con e-child\" data-id=\"8dc44d2\" data-element_type=\"container\" data-e-type=\"container\">\n\t\t\t\t<div class=\"elementor-element elementor-element-e340514 elementor-widget elementor-widget-text-editor\" data-id=\"e340514\" data-element_type=\"widget\" data-e-type=\"widget\" data-widget_type=\"text-editor.default\">\n\t\t\t\t\t\t\t\t\t\n<p><strong>SilentSalento<\/strong> \u00e8 un progetto che promuove il territorio salentino servendosi di un punto di vista inusuale, seguendo il filo conduttore del silenzio. Vogliamo promuovere un territorio non pi\u00f9 ostaggio di un turismo di massa, della calca, della filosofia del mordi e fuggi, e persino, della canicola estiva. Sveleremo l&#8217;anima nascosta dei luoghi, attraverso storie, immagini, dettagli e prospettive inaspettate, cogliendo aliti di vento, lo stormire delle foglie, cercando di collegare le tracce impercettibili del passato che permeano il presente, contrapponendo le energie di un tempo con quelle odierne, e in generale, qualsiasi segnale che ci aiuti a promuovere il territorio come esperienza viva e non statica. Ci rivolgiamo, non soltanto al turista forestiero amante della quiete e del silenzio , ma anche agli autoctoni. Ogni studente ITS si occupa di un aspetto e contenuto preciso.<\/p>\n\n<ul class=\"wp-block-list\">\n<li><strong>Sopralluogo<\/strong><\/li>\n\n<li><strong>osservazione del lavoro svolto dai miei compagni<\/strong><\/li>\n\n<li><strong>POV collettivo<\/strong><\/li>\n\n<li><strong>metaracconto<\/strong><\/li>\n<\/ul>\n\t\t\t\t\t\t\t\t<\/div>\n\t\t\t\t<\/div>\n\t\t<div class=\"elementor-element elementor-element-f7d6624 e-con-full e-flex e-con e-child\" data-id=\"f7d6624\" data-element_type=\"container\" data-e-type=\"container\">\n\t\t\t\t<div class=\"elementor-element elementor-element-e22b7c4 elementor-widget elementor-widget-image\" data-id=\"e22b7c4\" data-element_type=\"widget\" data-e-type=\"widget\" data-widget_type=\"image.default\">\n\t\t\t\t\t\t\t\t\t\t\t\t\t\t\t<img fetchpriority=\"high\" decoding=\"async\" width=\"682\" height=\"1024\" src=\"https:\/\/scenarimagazine.eu\/wp-content\/uploads\/2026\/02\/485f4ca5-3b5b-4cc8-bba5-8f98cfa526c7-682x1024.jpg\" class=\"attachment-large size-large wp-image-526\" alt=\"\" srcset=\"https:\/\/scenarimagazine.eu\/wp-content\/uploads\/2026\/02\/485f4ca5-3b5b-4cc8-bba5-8f98cfa526c7-682x1024.jpg 682w, https:\/\/scenarimagazine.eu\/wp-content\/uploads\/2026\/02\/485f4ca5-3b5b-4cc8-bba5-8f98cfa526c7-200x300.jpg 200w, https:\/\/scenarimagazine.eu\/wp-content\/uploads\/2026\/02\/485f4ca5-3b5b-4cc8-bba5-8f98cfa526c7-768x1153.jpg 768w, https:\/\/scenarimagazine.eu\/wp-content\/uploads\/2026\/02\/485f4ca5-3b5b-4cc8-bba5-8f98cfa526c7-1023x1536.jpg 1023w, https:\/\/scenarimagazine.eu\/wp-content\/uploads\/2026\/02\/485f4ca5-3b5b-4cc8-bba5-8f98cfa526c7.jpg 1066w\" sizes=\"(max-width: 682px) 100vw, 682px\" \/>\t\t\t\t\t\t\t\t\t\t\t\t\t\t\t<\/div>\n\t\t\t\t<\/div>\n\t\t<div class=\"elementor-element elementor-element-526003c e-con-full e-flex e-con e-child\" data-id=\"526003c\" data-element_type=\"container\" data-e-type=\"container\">\n\t\t\t\t<div class=\"elementor-element elementor-element-5323f81 elementor-widget elementor-widget-image\" data-id=\"5323f81\" data-element_type=\"widget\" data-e-type=\"widget\" data-widget_type=\"image.default\">\n\t\t\t\t\t\t\t\t\t\t\t\t\t\t\t<img decoding=\"async\" width=\"768\" height=\"1024\" src=\"https:\/\/scenarimagazine.eu\/wp-content\/uploads\/2026\/02\/8b0ac849-dc8b-4828-97f9-32d457a20991-1-768x1024.jpg\" class=\"attachment-large size-large wp-image-537\" alt=\"\" srcset=\"https:\/\/scenarimagazine.eu\/wp-content\/uploads\/2026\/02\/8b0ac849-dc8b-4828-97f9-32d457a20991-1-768x1024.jpg 768w, https:\/\/scenarimagazine.eu\/wp-content\/uploads\/2026\/02\/8b0ac849-dc8b-4828-97f9-32d457a20991-1-225x300.jpg 225w, https:\/\/scenarimagazine.eu\/wp-content\/uploads\/2026\/02\/8b0ac849-dc8b-4828-97f9-32d457a20991-1-1152x1536.jpg 1152w, https:\/\/scenarimagazine.eu\/wp-content\/uploads\/2026\/02\/8b0ac849-dc8b-4828-97f9-32d457a20991-1.jpg 1200w\" sizes=\"(max-width: 768px) 100vw, 768px\" \/>\t\t\t\t\t\t\t\t\t\t\t\t\t\t\t<\/div>\n\t\t\t\t<\/div>\n\t\t\t\t\t<\/div>\n\t\t\t\t<\/div>\n\t\t<div class=\"elementor-element elementor-element-acf9b64 e-grid e-con-full e-con e-parent\" data-id=\"acf9b64\" data-element_type=\"container\" data-e-type=\"container\">\n\t\t\t\t<div class=\"elementor-element elementor-element-c622510 elementor-widget elementor-widget-image\" data-id=\"c622510\" data-element_type=\"widget\" data-e-type=\"widget\" data-widget_type=\"image.default\">\n\t\t\t\t\t\t\t\t\t\t\t\t\t\t\t<img decoding=\"async\" width=\"225\" height=\"300\" src=\"https:\/\/scenarimagazine.eu\/wp-content\/uploads\/2026\/02\/IMG_0077-225x300.jpg\" class=\"attachment-medium size-medium wp-image-753\" alt=\"\" srcset=\"https:\/\/scenarimagazine.eu\/wp-content\/uploads\/2026\/02\/IMG_0077-225x300.jpg 225w, https:\/\/scenarimagazine.eu\/wp-content\/uploads\/2026\/02\/IMG_0077-768x1024.jpg 768w, https:\/\/scenarimagazine.eu\/wp-content\/uploads\/2026\/02\/IMG_0077-1152x1536.jpg 1152w, https:\/\/scenarimagazine.eu\/wp-content\/uploads\/2026\/02\/IMG_0077.jpg 1536w\" sizes=\"(max-width: 225px) 100vw, 225px\" \/>\t\t\t\t\t\t\t\t\t\t\t\t\t\t\t<\/div>\n\t\t\t\t<div class=\"elementor-element elementor-element-05f8d80 elementor-widget elementor-widget-image\" data-id=\"05f8d80\" data-element_type=\"widget\" data-e-type=\"widget\" data-widget_type=\"image.default\">\n\t\t\t\t\t\t\t\t\t\t\t\t\t\t\t<img loading=\"lazy\" decoding=\"async\" width=\"768\" height=\"1024\" src=\"https:\/\/scenarimagazine.eu\/wp-content\/uploads\/2026\/02\/IMG_0074-1-768x1024.jpg\" class=\"attachment-large size-large wp-image-755\" alt=\"\" srcset=\"https:\/\/scenarimagazine.eu\/wp-content\/uploads\/2026\/02\/IMG_0074-1-768x1024.jpg 768w, https:\/\/scenarimagazine.eu\/wp-content\/uploads\/2026\/02\/IMG_0074-1-225x300.jpg 225w, https:\/\/scenarimagazine.eu\/wp-content\/uploads\/2026\/02\/IMG_0074-1-1152x1536.jpg 1152w, https:\/\/scenarimagazine.eu\/wp-content\/uploads\/2026\/02\/IMG_0074-1.jpg 1536w\" sizes=\"(max-width: 768px) 100vw, 768px\" \/>\t\t\t\t\t\t\t\t\t\t\t\t\t\t\t<\/div>\n\t\t\t\t<div class=\"elementor-element elementor-element-475adbb elementor-widget elementor-widget-image\" data-id=\"475adbb\" data-element_type=\"widget\" data-e-type=\"widget\" data-widget_type=\"image.default\">\n\t\t\t\t\t\t\t\t\t\t\t\t\t\t\t<img loading=\"lazy\" decoding=\"async\" width=\"225\" height=\"300\" src=\"https:\/\/scenarimagazine.eu\/wp-content\/uploads\/2026\/02\/6cbd9f45-eba0-4ceb-9863-549c964ba7d9-2-225x300.jpg\" class=\"attachment-medium size-medium wp-image-527\" alt=\"\" srcset=\"https:\/\/scenarimagazine.eu\/wp-content\/uploads\/2026\/02\/6cbd9f45-eba0-4ceb-9863-549c964ba7d9-2-225x300.jpg 225w, https:\/\/scenarimagazine.eu\/wp-content\/uploads\/2026\/02\/6cbd9f45-eba0-4ceb-9863-549c964ba7d9-2-768x1024.jpg 768w, https:\/\/scenarimagazine.eu\/wp-content\/uploads\/2026\/02\/6cbd9f45-eba0-4ceb-9863-549c964ba7d9-2-1152x1536.jpg 1152w, https:\/\/scenarimagazine.eu\/wp-content\/uploads\/2026\/02\/6cbd9f45-eba0-4ceb-9863-549c964ba7d9-2.jpg 1200w\" sizes=\"(max-width: 225px) 100vw, 225px\" \/>\t\t\t\t\t\t\t\t\t\t\t\t\t\t\t<\/div>\n\t\t\t\t<div class=\"elementor-element elementor-element-7a76ffa elementor-widget elementor-widget-image\" data-id=\"7a76ffa\" data-element_type=\"widget\" data-e-type=\"widget\" data-widget_type=\"image.default\">\n\t\t\t\t\t\t\t\t\t\t\t\t\t\t\t<img loading=\"lazy\" decoding=\"async\" width=\"225\" height=\"300\" src=\"https:\/\/scenarimagazine.eu\/wp-content\/uploads\/2026\/02\/IMG_0076-225x300.jpg\" class=\"attachment-medium size-medium wp-image-752\" alt=\"\" srcset=\"https:\/\/scenarimagazine.eu\/wp-content\/uploads\/2026\/02\/IMG_0076-225x300.jpg 225w, https:\/\/scenarimagazine.eu\/wp-content\/uploads\/2026\/02\/IMG_0076-768x1024.jpg 768w, https:\/\/scenarimagazine.eu\/wp-content\/uploads\/2026\/02\/IMG_0076-1152x1536.jpg 1152w, https:\/\/scenarimagazine.eu\/wp-content\/uploads\/2026\/02\/IMG_0076.jpg 1536w\" sizes=\"(max-width: 225px) 100vw, 225px\" \/>\t\t\t\t\t\t\t\t\t\t\t\t\t\t\t<\/div>\n\t\t\t\t<div class=\"elementor-element elementor-element-b7bb310 elementor-widget elementor-widget-image\" data-id=\"b7bb310\" data-element_type=\"widget\" data-e-type=\"widget\" data-widget_type=\"image.default\">\n\t\t\t\t\t\t\t\t\t\t\t\t\t\t\t<img loading=\"lazy\" decoding=\"async\" width=\"225\" height=\"300\" src=\"https:\/\/scenarimagazine.eu\/wp-content\/uploads\/2026\/02\/IMG_0033-1-2-225x300.jpg\" class=\"attachment-medium size-medium wp-image-754\" alt=\"\" srcset=\"https:\/\/scenarimagazine.eu\/wp-content\/uploads\/2026\/02\/IMG_0033-1-2-225x300.jpg 225w, https:\/\/scenarimagazine.eu\/wp-content\/uploads\/2026\/02\/IMG_0033-1-2-768x1024.jpg 768w, https:\/\/scenarimagazine.eu\/wp-content\/uploads\/2026\/02\/IMG_0033-1-2-1152x1536.jpg 1152w, https:\/\/scenarimagazine.eu\/wp-content\/uploads\/2026\/02\/IMG_0033-1-2.jpg 1536w\" sizes=\"(max-width: 225px) 100vw, 225px\" \/>\t\t\t\t\t\t\t\t\t\t\t\t\t\t\t<\/div>\n\t\t\t\t<div class=\"elementor-element elementor-element-5ff6b58 elementor-widget elementor-widget-image\" data-id=\"5ff6b58\" data-element_type=\"widget\" data-e-type=\"widget\" data-widget_type=\"image.default\">\n\t\t\t\t\t\t\t\t\t\t\t\t\t\t\t<img loading=\"lazy\" decoding=\"async\" width=\"225\" height=\"300\" src=\"https:\/\/scenarimagazine.eu\/wp-content\/uploads\/2026\/02\/IMG_0030-1-225x300.jpg\" class=\"attachment-medium size-medium wp-image-548\" alt=\"\" srcset=\"https:\/\/scenarimagazine.eu\/wp-content\/uploads\/2026\/02\/IMG_0030-1-225x300.jpg 225w, https:\/\/scenarimagazine.eu\/wp-content\/uploads\/2026\/02\/IMG_0030-1-768x1024.jpg 768w, https:\/\/scenarimagazine.eu\/wp-content\/uploads\/2026\/02\/IMG_0030-1-1152x1536.jpg 1152w, https:\/\/scenarimagazine.eu\/wp-content\/uploads\/2026\/02\/IMG_0030-1.jpg 1536w\" sizes=\"(max-width: 225px) 100vw, 225px\" \/>\t\t\t\t\t\t\t\t\t\t\t\t\t\t\t<\/div>\n\t\t\t\t<div class=\"elementor-element elementor-element-ed65d30 elementor-widget elementor-widget-text-editor\" data-id=\"ed65d30\" data-element_type=\"widget\" data-e-type=\"widget\" data-widget_type=\"text-editor.default\">\n\t\t\t\t\t\t\t\t\t<p>Il mio metaracconto parte da qui: dalla visita di una dimora di due artisti salentini che, hanno fatto del silenzio la chiave di lettura delle loro opere. Dall&#8217;intimit\u00e0 e dall&#8217;introspezione nasce l&#8217;ascolto di s\u00e9 stessi, e ci\u00f2 diventa espressione della propria arte.\u00a0\u00a0<\/p>\n<p><strong>Per me invece, il silenzio \u00e8 pace, concentrazione e possibilit\u00e0 di dialogo con la mia anima.<\/strong><\/p>\n<p>\u00a0<\/p>\n<p>\u00a0<\/p>\t\t\t\t\t\t\t\t<\/div>\n\t\t<div class=\"elementor-element elementor-element-ceb9c57 e-flex e-con-boxed e-con e-child\" data-id=\"ceb9c57\" data-element_type=\"container\" data-e-type=\"container\">\n\t\t\t\t\t<div class=\"e-con-inner\">\n\t\t\t\t<div class=\"elementor-element elementor-element-f7ed75a elementor-widget elementor-widget-google_maps\" data-id=\"f7ed75a\" data-element_type=\"widget\" data-e-type=\"widget\" data-widget_type=\"google_maps.default\">\n\t\t\t\t\t\t\t<div class=\"elementor-custom-embed\">\n\t\t\t<iframe loading=\"lazy\"\n\t\t\t\t\tsrc=\"https:\/\/maps.google.com\/maps?q=Copertino%20&#038;t=m&#038;z=10&#038;output=embed&#038;iwloc=near\"\n\t\t\t\t\ttitle=\"Copertino \"\n\t\t\t\t\taria-label=\"Copertino \"\n\t\t\t><\/iframe>\n\t\t<\/div>\n\t\t\t\t\t\t<\/div>\n\t\t\t\t\t<\/div>\n\t\t\t\t<\/div>\n\t\t\t\t<div class=\"elementor-element elementor-element-672fa17 elementor-view-stacked elementor-shape-circle elementor-widget elementor-widget-icon\" data-id=\"672fa17\" data-element_type=\"widget\" data-e-type=\"widget\" data-widget_type=\"icon.default\">\n\t\t\t\t\t\t\t<div class=\"elementor-icon-wrapper\">\n\t\t\t<div class=\"elementor-icon\">\n\t\t\t<svg aria-hidden=\"true\" class=\"e-font-icon-svg e-fab-instagram\" viewBox=\"0 0 448 512\" xmlns=\"http:\/\/www.w3.org\/2000\/svg\"><path d=\"M224.1 141c-63.6 0-114.9 51.3-114.9 114.9s51.3 114.9 114.9 114.9S339 319.5 339 255.9 287.7 141 224.1 141zm0 189.6c-41.1 0-74.7-33.5-74.7-74.7s33.5-74.7 74.7-74.7 74.7 33.5 74.7 74.7-33.6 74.7-74.7 74.7zm146.4-194.3c0 14.9-12 26.8-26.8 26.8-14.9 0-26.8-12-26.8-26.8s12-26.8 26.8-26.8 26.8 12 26.8 26.8zm76.1 27.2c-1.7-35.9-9.9-67.7-36.2-93.9-26.2-26.2-58-34.4-93.9-36.2-37-2.1-147.9-2.1-184.9 0-35.8 1.7-67.6 9.9-93.9 36.1s-34.4 58-36.2 93.9c-2.1 37-2.1 147.9 0 184.9 1.7 35.9 9.9 67.7 36.2 93.9s58 34.4 93.9 36.2c37 2.1 147.9 2.1 184.9 0 35.9-1.7 67.7-9.9 93.9-36.2 26.2-26.2 34.4-58 36.2-93.9 2.1-37 2.1-147.8 0-184.8zM398.8 388c-7.8 19.6-22.9 34.7-42.6 42.6-29.5 11.7-99.5 9-132.1 9s-102.7 2.6-132.1-9c-19.6-7.8-34.7-22.9-42.6-42.6-11.7-29.5-9-99.5-9-132.1s-2.6-102.7 9-132.1c7.8-19.6 22.9-34.7 42.6-42.6 29.5-11.7 99.5-9 132.1-9s102.7-2.6 132.1 9c19.6 7.8 34.7 22.9 42.6 42.6 11.7 29.5 9 99.5 9 132.1s2.7 102.7-9 132.1z\"><\/path><\/svg>\t\t\t<\/div>\n\t\t<\/div>\n\t\t\t\t\t\t<\/div>\n\t\t\t\t<div class=\"elementor-element elementor-element-70a4853 elementor-widget elementor-widget-text-editor\" data-id=\"70a4853\" data-element_type=\"widget\" data-e-type=\"widget\" data-widget_type=\"text-editor.default\">\n\t\t\t\t\t\t\t\t\t<p>Seguici su Instagram:@SilentSalento<\/p>\t\t\t\t\t\t\t\t<\/div>\n\t\t\t\t<\/div>\n\t\t<div class=\"elementor-element elementor-element-a55e103 e-flex e-con-boxed e-con e-parent\" data-id=\"a55e103\" data-element_type=\"container\" data-e-type=\"container\">\n\t\t\t\t\t<div class=\"e-con-inner\">\n\t\t\t\t\t<\/div>\n\t\t\t\t<\/div>\n\t\t\t\t<\/div>\n\t\t","protected":false},"excerpt":{"rendered":"<p>Dwelling of Silence SilentSalento \u00e8 un progetto che promuove il territorio salentino servendosi di un punto di vista inusuale, seguendo [&hellip;]<\/p>\n","protected":false},"author":5,"featured_media":0,"parent":0,"menu_order":0,"comment_status":"closed","ping_status":"closed","template":"","meta":{"site-sidebar-layout":"default","site-content-layout":"","ast-site-content-layout":"default","site-content-style":"default","site-sidebar-style":"default","ast-global-header-display":"","ast-banner-title-visibility":"","ast-main-header-display":"","ast-hfb-above-header-display":"","ast-hfb-below-header-display":"","ast-hfb-mobile-header-display":"","site-post-title":"disabled","ast-breadcrumbs-content":"","ast-featured-img":"","footer-sml-layout":"","ast-disable-related-posts":"","theme-transparent-header-meta":"","adv-header-id-meta":"","stick-header-meta":"","header-above-stick-meta":"","header-main-stick-meta":"","header-below-stick-meta":"","astra-migrate-meta-layouts":"default","ast-page-background-enabled":"default","ast-page-background-meta":{"desktop":{"background-color":"var(--ast-global-color-5)","background-image":"","background-repeat":"repeat","background-position":"center center","background-size":"auto","background-attachment":"scroll","background-type":"","background-media":"","overlay-type":"","overlay-color":"","overlay-opacity":"","overlay-gradient":""},"tablet":{"background-color":"","background-image":"","background-repeat":"repeat","background-position":"center center","background-size":"auto","background-attachment":"scroll","background-type":"","background-media":"","overlay-type":"","overlay-color":"","overlay-opacity":"","overlay-gradient":""},"mobile":{"background-color":"","background-image":"","background-repeat":"repeat","background-position":"center center","background-size":"auto","background-attachment":"scroll","background-type":"","background-media":"","overlay-type":"","overlay-color":"","overlay-opacity":"","overlay-gradient":""}},"ast-content-background-meta":{"desktop":{"background-color":"var(--ast-global-color-4)","background-image":"","background-repeat":"repeat","background-position":"center center","background-size":"auto","background-attachment":"scroll","background-type":"","background-media":"","overlay-type":"","overlay-color":"","overlay-opacity":"","overlay-gradient":""},"tablet":{"background-color":"var(--ast-global-color-4)","background-image":"","background-repeat":"repeat","background-position":"center center","background-size":"auto","background-attachment":"scroll","background-type":"","background-media":"","overlay-type":"","overlay-color":"","overlay-opacity":"","overlay-gradient":""},"mobile":{"background-color":"var(--ast-global-color-4)","background-image":"","background-repeat":"repeat","background-position":"center center","background-size":"auto","background-attachment":"scroll","background-type":"","background-media":"","overlay-type":"","overlay-color":"","overlay-opacity":"","overlay-gradient":""}},"footnotes":""},"class_list":["post-38","page","type-page","status-publish","hentry"],"yoast_head":"<!-- This site is optimized with the Yoast SEO plugin v27.0 - https:\/\/yoast.com\/product\/yoast-seo-wordpress\/ -->\n<title>Benvenuti sulla mia pagina - Scenari Magazine<\/title>\n<meta name=\"robots\" content=\"index, follow, max-snippet:-1, max-image-preview:large, max-video-preview:-1\" \/>\n<link rel=\"canonical\" href=\"https:\/\/scenarimagazine.eu\/?page_id=38\" \/>\n<meta property=\"og:locale\" content=\"en_US\" \/>\n<meta property=\"og:type\" content=\"article\" \/>\n<meta property=\"og:title\" content=\"Benvenuti sulla mia pagina - Scenari Magazine\" \/>\n<meta property=\"og:description\" content=\"Dwelling of Silence SilentSalento \u00e8 un progetto che promuove il territorio salentino servendosi di un punto di vista inusuale, seguendo [&hellip;]\" \/>\n<meta property=\"og:url\" content=\"https:\/\/scenarimagazine.eu\/?page_id=38\" \/>\n<meta property=\"og:site_name\" content=\"Scenari Magazine\" \/>\n<meta property=\"article:modified_time\" content=\"2026-02-21T16:56:02+00:00\" \/>\n<meta property=\"og:image\" content=\"https:\/\/scenarimagazine.eu\/wp-content\/uploads\/2026\/02\/485f4ca5-3b5b-4cc8-bba5-8f98cfa526c7.jpg\" \/>\n\t<meta property=\"og:image:width\" content=\"1066\" \/>\n\t<meta property=\"og:image:height\" content=\"1600\" \/>\n\t<meta property=\"og:image:type\" content=\"image\/jpeg\" \/>\n<meta name=\"twitter:card\" content=\"summary_large_image\" \/>\n<meta name=\"twitter:label1\" content=\"Est. reading time\" \/>\n\t<meta name=\"twitter:data1\" content=\"1 minute\" \/>\n<script type=\"application\/ld+json\" class=\"yoast-schema-graph\">{\"@context\":\"https:\/\/schema.org\",\"@graph\":[{\"@type\":\"WebPage\",\"@id\":\"https:\/\/scenarimagazine.eu\/?page_id=38\",\"url\":\"https:\/\/scenarimagazine.eu\/?page_id=38\",\"name\":\"Benvenuti sulla mia pagina - Scenari Magazine\",\"isPartOf\":{\"@id\":\"https:\/\/scenarimagazine.eu\/#website\"},\"primaryImageOfPage\":{\"@id\":\"https:\/\/scenarimagazine.eu\/?page_id=38#primaryimage\"},\"image\":{\"@id\":\"https:\/\/scenarimagazine.eu\/?page_id=38#primaryimage\"},\"thumbnailUrl\":\"https:\/\/scenarimagazine.eu\/wp-content\/uploads\/2026\/02\/485f4ca5-3b5b-4cc8-bba5-8f98cfa526c7-682x1024.jpg\",\"datePublished\":\"2026-02-18T10:26:24+00:00\",\"dateModified\":\"2026-02-21T16:56:02+00:00\",\"breadcrumb\":{\"@id\":\"https:\/\/scenarimagazine.eu\/?page_id=38#breadcrumb\"},\"inLanguage\":\"en-US\",\"potentialAction\":[{\"@type\":\"ReadAction\",\"target\":[\"https:\/\/scenarimagazine.eu\/?page_id=38\"]}]},{\"@type\":\"ImageObject\",\"inLanguage\":\"en-US\",\"@id\":\"https:\/\/scenarimagazine.eu\/?page_id=38#primaryimage\",\"url\":\"https:\/\/scenarimagazine.eu\/wp-content\/uploads\/2026\/02\/485f4ca5-3b5b-4cc8-bba5-8f98cfa526c7.jpg\",\"contentUrl\":\"https:\/\/scenarimagazine.eu\/wp-content\/uploads\/2026\/02\/485f4ca5-3b5b-4cc8-bba5-8f98cfa526c7.jpg\",\"width\":1066,\"height\":1600},{\"@type\":\"BreadcrumbList\",\"@id\":\"https:\/\/scenarimagazine.eu\/?page_id=38#breadcrumb\",\"itemListElement\":[{\"@type\":\"ListItem\",\"position\":1,\"name\":\"Home\",\"item\":\"https:\/\/scenarimagazine.eu\/\"},{\"@type\":\"ListItem\",\"position\":2,\"name\":\"Benvenuti sulla mia pagina\"}]},{\"@type\":\"WebSite\",\"@id\":\"https:\/\/scenarimagazine.eu\/#website\",\"url\":\"https:\/\/scenarimagazine.eu\/\",\"name\":\"Scenari Magazine\",\"description\":\"\",\"publisher\":{\"@id\":\"https:\/\/scenarimagazine.eu\/#organization\"},\"potentialAction\":[{\"@type\":\"SearchAction\",\"target\":{\"@type\":\"EntryPoint\",\"urlTemplate\":\"https:\/\/scenarimagazine.eu\/?s={search_term_string}\"},\"query-input\":{\"@type\":\"PropertyValueSpecification\",\"valueRequired\":true,\"valueName\":\"search_term_string\"}}],\"inLanguage\":\"en-US\"},{\"@type\":\"Organization\",\"@id\":\"https:\/\/scenarimagazine.eu\/#organization\",\"name\":\"Scenari Magazine\",\"url\":\"https:\/\/scenarimagazine.eu\/\",\"logo\":{\"@type\":\"ImageObject\",\"inLanguage\":\"en-US\",\"@id\":\"https:\/\/scenarimagazine.eu\/#\/schema\/logo\/image\/\",\"url\":\"https:\/\/scenarimagazine.eu\/wp-content\/uploads\/2026\/02\/cropped-cropped-7-scaled-1.jpg\",\"contentUrl\":\"https:\/\/scenarimagazine.eu\/wp-content\/uploads\/2026\/02\/cropped-cropped-7-scaled-1.jpg\",\"width\":2557,\"height\":1372,\"caption\":\"Scenari Magazine\"},\"image\":{\"@id\":\"https:\/\/scenarimagazine.eu\/#\/schema\/logo\/image\/\"}}]}<\/script>\n<!-- \/ Yoast SEO plugin. -->","yoast_head_json":{"title":"Benvenuti sulla mia pagina - Scenari Magazine","robots":{"index":"index","follow":"follow","max-snippet":"max-snippet:-1","max-image-preview":"max-image-preview:large","max-video-preview":"max-video-preview:-1"},"canonical":"https:\/\/scenarimagazine.eu\/?page_id=38","og_locale":"en_US","og_type":"article","og_title":"Benvenuti sulla mia pagina - Scenari Magazine","og_description":"Dwelling of Silence SilentSalento \u00e8 un progetto che promuove il territorio salentino servendosi di un punto di vista inusuale, seguendo [&hellip;]","og_url":"https:\/\/scenarimagazine.eu\/?page_id=38","og_site_name":"Scenari Magazine","article_modified_time":"2026-02-21T16:56:02+00:00","og_image":[{"width":1066,"height":1600,"url":"https:\/\/scenarimagazine.eu\/wp-content\/uploads\/2026\/02\/485f4ca5-3b5b-4cc8-bba5-8f98cfa526c7.jpg","type":"image\/jpeg"}],"twitter_card":"summary_large_image","twitter_misc":{"Est. reading time":"1 minute"},"schema":{"@context":"https:\/\/schema.org","@graph":[{"@type":"WebPage","@id":"https:\/\/scenarimagazine.eu\/?page_id=38","url":"https:\/\/scenarimagazine.eu\/?page_id=38","name":"Benvenuti sulla mia pagina - Scenari Magazine","isPartOf":{"@id":"https:\/\/scenarimagazine.eu\/#website"},"primaryImageOfPage":{"@id":"https:\/\/scenarimagazine.eu\/?page_id=38#primaryimage"},"image":{"@id":"https:\/\/scenarimagazine.eu\/?page_id=38#primaryimage"},"thumbnailUrl":"https:\/\/scenarimagazine.eu\/wp-content\/uploads\/2026\/02\/485f4ca5-3b5b-4cc8-bba5-8f98cfa526c7-682x1024.jpg","datePublished":"2026-02-18T10:26:24+00:00","dateModified":"2026-02-21T16:56:02+00:00","breadcrumb":{"@id":"https:\/\/scenarimagazine.eu\/?page_id=38#breadcrumb"},"inLanguage":"en-US","potentialAction":[{"@type":"ReadAction","target":["https:\/\/scenarimagazine.eu\/?page_id=38"]}]},{"@type":"ImageObject","inLanguage":"en-US","@id":"https:\/\/scenarimagazine.eu\/?page_id=38#primaryimage","url":"https:\/\/scenarimagazine.eu\/wp-content\/uploads\/2026\/02\/485f4ca5-3b5b-4cc8-bba5-8f98cfa526c7.jpg","contentUrl":"https:\/\/scenarimagazine.eu\/wp-content\/uploads\/2026\/02\/485f4ca5-3b5b-4cc8-bba5-8f98cfa526c7.jpg","width":1066,"height":1600},{"@type":"BreadcrumbList","@id":"https:\/\/scenarimagazine.eu\/?page_id=38#breadcrumb","itemListElement":[{"@type":"ListItem","position":1,"name":"Home","item":"https:\/\/scenarimagazine.eu\/"},{"@type":"ListItem","position":2,"name":"Benvenuti sulla mia pagina"}]},{"@type":"WebSite","@id":"https:\/\/scenarimagazine.eu\/#website","url":"https:\/\/scenarimagazine.eu\/","name":"Scenari Magazine","description":"","publisher":{"@id":"https:\/\/scenarimagazine.eu\/#organization"},"potentialAction":[{"@type":"SearchAction","target":{"@type":"EntryPoint","urlTemplate":"https:\/\/scenarimagazine.eu\/?s={search_term_string}"},"query-input":{"@type":"PropertyValueSpecification","valueRequired":true,"valueName":"search_term_string"}}],"inLanguage":"en-US"},{"@type":"Organization","@id":"https:\/\/scenarimagazine.eu\/#organization","name":"Scenari Magazine","url":"https:\/\/scenarimagazine.eu\/","logo":{"@type":"ImageObject","inLanguage":"en-US","@id":"https:\/\/scenarimagazine.eu\/#\/schema\/logo\/image\/","url":"https:\/\/scenarimagazine.eu\/wp-content\/uploads\/2026\/02\/cropped-cropped-7-scaled-1.jpg","contentUrl":"https:\/\/scenarimagazine.eu\/wp-content\/uploads\/2026\/02\/cropped-cropped-7-scaled-1.jpg","width":2557,"height":1372,"caption":"Scenari Magazine"},"image":{"@id":"https:\/\/scenarimagazine.eu\/#\/schema\/logo\/image\/"}}]}},"_links":{"self":[{"href":"https:\/\/scenarimagazine.eu\/index.php?rest_route=\/wp\/v2\/pages\/38","targetHints":{"allow":["GET"]}}],"collection":[{"href":"https:\/\/scenarimagazine.eu\/index.php?rest_route=\/wp\/v2\/pages"}],"about":[{"href":"https:\/\/scenarimagazine.eu\/index.php?rest_route=\/wp\/v2\/types\/page"}],"author":[{"embeddable":true,"href":"https:\/\/scenarimagazine.eu\/index.php?rest_route=\/wp\/v2\/users\/5"}],"replies":[{"embeddable":true,"href":"https:\/\/scenarimagazine.eu\/index.php?rest_route=%2Fwp%2Fv2%2Fcomments&post=38"}],"version-history":[{"count":140,"href":"https:\/\/scenarimagazine.eu\/index.php?rest_route=\/wp\/v2\/pages\/38\/revisions"}],"predecessor-version":[{"id":808,"href":"https:\/\/scenarimagazine.eu\/index.php?rest_route=\/wp\/v2\/pages\/38\/revisions\/808"}],"wp:attachment":[{"href":"https:\/\/scenarimagazine.eu\/index.php?rest_route=%2Fwp%2Fv2%2Fmedia&parent=38"}],"curies":[{"name":"wp","href":"https:\/\/api.w.org\/{rel}","templated":true}]}}